{"id":1505,"date":"2024-08-20T02:26:58","date_gmt":"2024-08-20T02:26:58","guid":{"rendered":"https:\/\/ruouzuji.vn\/?post_type=product&#038;p=1505"},"modified":"2024-08-20T02:33:15","modified_gmt":"2024-08-20T02:33:15","slug":"ruou-zuji-ruou-mo-ma-dao-yen-tu-chai-nhom-1-lit","status":"publish","type":"product","link":"https:\/\/ruouzuji.vn\/index.php\/san-pham\/ruou-zuji-ruou-mo-ma-dao-yen-tu-chai-nhom-1-lit\/","title":{"rendered":"R\u01b0\u1ee3u Zuji &#8211; R\u01b0\u1ee3u M\u01a1 m\u00e1 \u0111\u00e0o Y\u00ean T\u1eed chai nh\u00f4m 1 l\u00edt"},"content":{"rendered":"\n<p>Gi\u1edbi thi\u1ec7u chung<br>R\u01b0\u1ee3u \u0111\u01b0\u1ee3c l\u00e0m t\u1eeb tr\u00e1i m\u01a1 m\u00e1 \u0111\u00e0o, th\u01b0\u1edfng th\u1ee9c s\u1ebd c\u1ea3m nh\u1eadn r\u00f5 h\u01b0\u01a1ng th\u01a1m quy\u1ebfn r\u0169, h\u01b0\u01a1ng v\u1ecb \u0111\u1eb7c tr\u01b0ng chua d\u1ecbu, v\u00e0 v\u1ecb cay n\u1ed3ng \u1ea5m \u1edf \u0111\u1ea7u l\u01b0\u1ee1i. Ng\u1eadm m\u1ed9t ch\u00fat trong v\u00f2m mi\u1ec7ng s\u1ebd th\u1ea5y v\u1ecb ng\u1ecdt k\u00e9o d\u00e0i r\u1ea5t l\u1ea1. Cu\u1ed1i c\u00f9ng l\u00e0 v\u1ecb c\u1ee7a H\u1ea1nh nh\u00e2n trong h\u1ea1t m\u01a1 k\u1ebft h\u1ee3p v\u1edbi ch\u00fat men n\u1ed3ng say c\u1ee7a r\u01b0\u1ee3u.<\/p>\n\n\n\n<p>N\u1ed3ng \u0111\u1ed9: VOL 19%<br>Th\u01b0\u01a1ng hi\u1ec7u: R\u01b0\u1ee3u Zuji<br>Xu\u1ea5t x\u1ee9: Vi\u1ec7t Nam<br>Dung t\u00edch: 1000ml<\/p>\n\n\n\n<p>Th\u00e0nh ph\u1ea7n:<br>R\u01b0\u1ee3u n\u1ebfp kh\u1eed andehyde, m\u01a1 t\u01b0\u01a1i, \u0111\u01b0\u1eddng ph\u00e8n.<\/p>\n\n\n\n<p>H\u01b0\u1edbng d\u1eabn s\u1eed d\u1ee5ng:<br>Ch\u1ec9 n\u00ean u\u1ed1ng 50 \u2013 70 ml\/ ng\u00e0y l\u00e0 t\u1ed1t nh\u1ea5t.<br>Kh\u00f4ng u\u1ed1ng r\u01b0\u01a1u khi \u0111i\u1ec1u khi\u1ec3n c\u00e1c ph\u01b0\u01a1ng ti\u1ec7n giao th\u00f4ng.<br>B\u1ea3o qu\u1ea3n: T\u1ed1t nh\u1ea5t \u1edf nhi\u1ec7t \u0111\u1ed9 15 \u2013 20 \u0111\u1ed9 C.<\/p>\n","protected":false},"excerpt":{"rendered":"<p><span style=\"font-family: Lato, sans-serif;font-size: medium\">R\u01b0\u1ee3u Zuji \u2013 T\u1ef1 h\u00e0o l\u00e0 th\u01b0\u01a1ng hi\u1ec7u r\u01b0\u1ee3u mang h\u01b0\u01a1ng v\u1ecb truy\u1ec1n th\u1ed1ng Vi\u1ec7t Nam<\/span> <\/p>\n<p class=\"MsoNormal\" style=\"margin-top:0in;margin-right:0in;margin-bottom:0in;margin-left:.25in;text-indent:.5in\"><span lang=\"VI\" style=\",serif\">K\u00edch th\u01b0\u1edbc: ngang 9 x cao: 12cm<\/span><\/p>\n<p class=\"MsoNormal\" style=\"margin-top:0in;margin-right:0in;margin-bottom:0in;margin-left:.75in\"><b><span lang=\"VI\" style=\",serif\">C\u00d4NG TY TNHH ZUJI VI\u1ec6T NAM<\/span><\/b><\/p>\n<p class=\"MsoNormal\" style=\"margin-top:0in;margin-right:0in;margin-bottom:0in;margin-left:.75in\"><span class=\"text\"><span lang=\"VI\" style=\"font-family: Cambria, serif;color: black;letter-spacing: 0.15pt;background-image: initial;background-position: initial;background-size: initial;background-attachment: initial\">H\u00e0 N\u1ed9i: 44 Mi\u1ebfu \u0110\u1ea7m, Nam T\u1eeb Li\u00eam \u2013 Hotline: <\/span><\/span><span lang=\"VI\" style=\",serif\">0988 22 11 22<\/span><span class=\"text\"><span lang=\"VI\" style=\"font-family: Cambria, serif;color: black;letter-spacing: 0.15pt;background-image: initial;background-position: initial;background-size: initial;background-attachment: initial\"> <\/span><span lang=\"VI\" style=\",serif\"><\/span><\/span><\/p>\n<p class=\"MsoNormal\" style=\"margin-top:0in;margin-right:0in;margin-bottom:0in;margin-left:.75in\"><span class=\"text\"><span lang=\"VI\" style=\"font-family: Cambria, serif;color: black;letter-spacing: 0.15pt;background-image: initial;background-position: initial;background-size: initial;background-attachment: initial\">TP. HCM: 99 \u0110\u01b0\u1eddng 10, Hi\u1ec7p B\u00ecnh Ch\u00e1nh, TP. Th\u1ee7 \u0110\u1ee9c \u2013 Hotline: <\/span><\/span><span lang=\"VI\" style=\",serif\">0908 000 166<\/span><\/p>\n<p class=\"MsoNormal\" style=\"margin-top:0in;margin-right:0in;margin-bottom:0in;margin-left:.75in\"><span lang=\"VI\" style=\",serif\">Website: <a href=\"https:\/\/ruouzuji.vn\/\"><span style=\"color: windowtext\">https:\/\/ruouzuji.vn<\/span><\/a>\/<\/span><\/p>\n","protected":false},"featured_media":1507,"comment_status":"open","ping_status":"closed","template":"","meta":[],"product_cat":[23],"product_tag":[],"class_list":{"0":"post-1505","1":"product","2":"type-product","3":"status-publish","4":"has-post-thumbnail","6":"product_cat-gio-qua-tang-ruou-zuji","8":"first","9":"instock","10":"shipping-taxable","11":"purchasable","12":"product-type-simple"},"_links":{"self":[{"href":"https:\/\/ruouzuji.vn\/index.php\/wp-json\/wp\/v2\/product\/1505","targetHints":{"allow":["GET"]}}],"collection":[{"href":"https:\/\/ruouzuji.vn\/index.php\/wp-json\/wp\/v2\/product"}],"about":[{"href":"https:\/\/ruouzuji.vn\/index.php\/wp-json\/wp\/v2\/types\/product"}],"replies":[{"embeddable":true,"href":"https:\/\/ruouzuji.vn\/index.php\/wp-json\/wp\/v2\/comments?post=1505"}],"wp:featuredmedia":[{"embeddable":true,"href":"https:\/\/ruouzuji.vn\/index.php\/wp-json\/wp\/v2\/media\/1507"}],"wp:attachment":[{"href":"https:\/\/ruouzuji.vn\/index.php\/wp-json\/wp\/v2\/media?parent=1505"}],"wp:term":[{"taxonomy":"product_cat","embeddable":true,"href":"https:\/\/ruouzuji.vn\/index.php\/wp-json\/wp\/v2\/product_cat?post=1505"},{"taxonomy":"product_tag","embeddable":true,"href":"https:\/\/ruouzuji.vn\/index.php\/wp-json\/wp\/v2\/product_tag?post=1505"}],"curies":[{"name":"wp","href":"https:\/\/api.w.org\/{rel}","templated":true}]}}